{"id":3603,"date":"2023-04-06T20:49:34","date_gmt":"2023-04-06T20:49:34","guid":{"rendered":"https:\/\/legiaswimmingschools.pl\/?page_id=3603"},"modified":"2025-09-30T12:46:45","modified_gmt":"2025-09-30T12:46:45","slug":"o-nas","status":"publish","type":"page","link":"https:\/\/soccer.legia.com\/siedlce-tech\/o-nas\/","title":{"rendered":"O nas"},"content":{"rendered":"<section class=\"wpb-content-wrapper\"><p>[vc_row el_id=&#8221;topTxt&#8221;][vc_column css=&#8221;.vc_custom_1578051990817{padding-top: 0px !important;}&#8221;][vc_row_inner content_placement=&#8221;middle&#8221; row_content_width=&#8221;grid&#8221; enable_dots_background=&#8221;yes&#8221; background_dots_align=&#8221;right&#8221; background_dots_skin=&#8221;light&#8221; css=&#8221;.vc_custom_1680815588038{margin-right: 0px !important;margin-left: 0px !important;}&#8221; background_dots_top_position=&#8221;10%&#8221; background_dots_height=&#8221;80%&#8221;][vc_column_inner css=&#8221;.vc_custom_1579598821857{padding-top: 120px !important;padding-right: 0px !important;padding-bottom: 120px !important;padding-left: 0px !important;}&#8221; offset=&#8221;vc_col-lg-6 vc_col-md-12 vc_col-xs-12&#8243; column_responsive_padding_1024=&#8221;130px 0px 120px&#8221; column_responsive_padding_680=&#8221;130px 0px 120px&#8221;][vc_single_image image=&#8221;5080&#8243; img_size=&#8221;300&#215;400&#8243; alignment=&#8221;center&#8221;][\/vc_column_inner][vc_column_inner css=&#8221;.vc_custom_1580218880702{margin-top: -11px !important;padding-right: 20% !important;padding-left: 12% !important;}&#8221; column_responsive_padding_1366=&#8221;0% 11% 0% 12%&#8221; offset=&#8221;vc_col-lg-6 vc_col-md-12 vc_col-xs-12&#8243; column_responsive_padding_1024=&#8221;0% 0px 130px&#8221; column_responsive_padding_680=&#8221;0% 0px 130px&#8221; column_responsive_padding_1280=&#8221;0% 10% 0% 12%&#8221;]<div class=\"qodef-shortcode qodef-m  qodef-section-title qodef-alignment--left \">\n\t\t\t<h2 class=\"qodef-m-title\" style=\"color: #ffffff;margin-top: -3px\">\n\t\t\t\t\tLEGIA SOCCER SCHOOLS\t\t\t<\/h2>\n\t\t<p class=\"qodef-m-text\" style=\"color: #ffffff\">Witaj w fascynuj\u0105cym pi\u0142karskim \u015bwiecie Legia Soccer Schools, miejscu, gdzie futbol staje si\u0119 pasj\u0105, a sportowa przygoda zaczyna si\u0119 od najm\u0142odszych lat! Do zobaczenia na boisku!<\/p>\n<\/div>[vc_empty_space height=&#8221;33px&#8221;][\/vc_column_inner][\/vc_row_inner][\/vc_column][\/vc_row][vc_row][vc_column css=&#8221;.vc_custom_1584102337286{padding-top: 120px !important;padding-bottom: 20px !important;}&#8221; column_responsive_padding_1024=&#8221;72px 15px 30px&#8221;][vc_row_inner equal_height=&#8221;yes&#8221; rtl_reverse=&#8221;yes&#8221; content_placement=&#8221;middle&#8221; row_content_width=&#8221;grid&#8221; enable_dots_background=&#8221;yes&#8221; background_dots_align=&#8221;left&#8221; background_dots_top_position=&#8221;-7%&#8221; background_dots_height=&#8221;105%&#8221; css=&#8221;.vc_custom_1680815039317{margin-right: 0px !important;margin-left: 0px !important;padding-right: 0px !important;padding-left: 0px !important;}&#8221;][vc_column_inner offset=&#8221;vc_col-lg-6 vc_col-md-12 vc_col-xs-12&#8243; column_responsive_padding_1024=&#8221;0px 15px 70px&#8221; css=&#8221;.vc_custom_1585223728345{padding-top: 20px !important;padding-right: 30px !important;padding-left: 5px !important;}&#8221; column_responsive_padding_1440=&#8221;10px 30px 10px 15px&#8221;]<div class=\"qodef-shortcode qodef-m  qodef-section-title qodef-alignment--left \">\n\t\t\t<h2 class=\"qodef-m-title\" style=\"margin-top: -3px\">\n\t\t\t\t\tWitaj w dru\u017cynie!\t\t\t<\/h2>\n\t\t<p class=\"qodef-m-text\" >Legia Soccer Schools to nie tylko sport. To kszta\u0142towanie postaw Fair Play, rozwijanie zdrowego stylu \u017cycia, budowanie przyja\u017ani i wielka pi\u0142karska rodzina. Do\u0142\u0105cz do nas, a razem stworzymy niezapomniane chwile na boisku i poza nim!<\/p>\n<\/div>[vc_empty_space height=&#8221;20px&#8221;]<div class=\"qodef-shortcode qodef-m akordeon qodef-accordion clear qodef-behavior--accordion qodef-layout--simple\">\n\t<h4 class=\"qodef-accordion-title\">\n\t<span class=\"qodef-tab-title\">\n\t\tDobra zabawa\t<\/span>\n\t<span class=\"qodef-accordion-mark\">\n\t\t<span class=\"qodef-icon--plus icon_plus\"><\/span>\n\t\t<span class=\"qodef-icon--minus icon_minus-06\"><\/span>\n\t<\/span>\n<\/h4>\n<div class=\"qodef-accordion-content\">\n\t<div class=\"qodef-accordion-content-inner\">\n\t\t[vc_column_text]Treningi w Legia Soccer Schools to czysta rado\u015b\u0107 i energia! Ka\u017cde zaj\u0119cia to po\u0142\u0105czenie sportu, u\u015bmiechu i kreatywnych aktywno\u015bci, dzi\u0119ki kt\u00f3rym dzieci ucz\u0105 si\u0119 pi\u0142ki no\u017cnej w atmosferze przygody i pozytywnych emocji. Bo wiemy, \u017ce najlepsze efekty osi\u0105ga si\u0119 wtedy, gdy nauka idzie w parze z zabaw\u0105![\/vc_column_text]\t<\/div>\n<\/div><h4 class=\"qodef-accordion-title\">\n\t<span class=\"qodef-tab-title\">\n\t\tRozw\u00f3j\t<\/span>\n\t<span class=\"qodef-accordion-mark\">\n\t\t<span class=\"qodef-icon--plus icon_plus\"><\/span>\n\t\t<span class=\"qodef-icon--minus icon_minus-06\"><\/span>\n\t<\/span>\n<\/h4>\n<div class=\"qodef-accordion-content\">\n\t<div class=\"qodef-accordion-content-inner\">\n\t\t[vc_column_text]Z nami Twoje dziecko rozwinie nie tylko umiej\u0119tno\u015bci pi\u0142karskie, ale te\u017c pewno\u015b\u0107 siebie, samodyscyplin\u0119 i zdolno\u015b\u0107 pracy w zespole. Ka\u017cdy trening to krok naprz\u00f3d \u2013 ku sportowej pasji, dobrym nawykom i postawie, kt\u00f3ra zaprocentuje w \u017cyciu, nie tylko na boisku.[\/vc_column_text]\t<\/div>\n<\/div><h4 class=\"qodef-accordion-title\">\n\t<span class=\"qodef-tab-title\">\n\t\tAspekt spo\u0142eczny\t<\/span>\n\t<span class=\"qodef-accordion-mark\">\n\t\t<span class=\"qodef-icon--plus icon_plus\"><\/span>\n\t\t<span class=\"qodef-icon--minus icon_minus-06\"><\/span>\n\t<\/span>\n<\/h4>\n<div class=\"qodef-accordion-content\">\n\t<div class=\"qodef-accordion-content-inner\">\n\t\t[vc_column_text]Legia to co\u015b wi\u0119cej ni\u017c klub \u2013 to wyj\u0105tkowa spo\u0142eczno\u015b\u0107! W naszych dru\u017cynach dzieci ucz\u0105 si\u0119 wsp\u00f3\u0142pracy, wzajemnego wsparcia i szacunku do innych. Na treningach rodz\u0105 si\u0119 przyja\u017anie, kt\u00f3re trwaj\u0105 latami, a wsp\u00f3lne cele i sukcesy buduj\u0105 prawdziwe poczucie przynale\u017cno\u015bci.[\/vc_column_text]\t<\/div>\n<\/div><h4 class=\"qodef-accordion-title\">\n\t<span class=\"qodef-tab-title\">\n\t\tZdrowie\t<\/span>\n\t<span class=\"qodef-accordion-mark\">\n\t\t<span class=\"qodef-icon--plus icon_plus\"><\/span>\n\t\t<span class=\"qodef-icon--minus icon_minus-06\"><\/span>\n\t<\/span>\n<\/h4>\n<div class=\"qodef-accordion-content\">\n\t<div class=\"qodef-accordion-content-inner\">\n\t\t[vc_column_text]Ruch to zdrowie \u2013 i my to wiemy najlepiej! Regularne treningi wspieraj\u0105 prawid\u0142owy rozw\u00f3j fizyczny, poprawiaj\u0105 kondycj\u0119 i ucz\u0105 aktywnego stylu \u017cycia. Dzi\u0119ki naszym zaj\u0119ciom dzieci rozwijaj\u0105 sprawno\u015b\u0107, koordynacj\u0119 i odporno\u015b\u0107 \u2013 w atmosferze pe\u0142nej sportowej pasji i zabawy.[\/vc_column_text]\t<\/div>\n<\/div><\/div>[vc_empty_space height=&#8221;20px&#8221;][vc_column_text]Rozpocznij swoj\u0105 futbolow\u0105 podr\u00f3\u017c z Legia Soccer Schools ju\u017c dzi\u015b &#8211; <a href=\"http:\/\/kozienice\/dolacz-do-nas\/\">kliknij <\/a>i do\u0142\u0105cz do naszej sportowej spo\u0142eczno\u015bci![\/vc_column_text][\/vc_column_inner][vc_column_inner offset=&#8221;vc_col-lg-6 vc_col-md-12 vc_col-xs-12&#8243; column_responsive_padding_1024=&#8221;28% 15px&#8221; column_responsive_padding_1440=&#8221;40% 30px&#8221; column_responsive_padding_680=&#8221;27% 15px&#8221;][vc_single_image image=&#8221;5559&#8243; img_size=&#8221;full&#8221; alignment=&#8221;center&#8221;][\/vc_column_inner][\/vc_row_inner][\/vc_column][\/vc_row]<\/p>\n<\/section>","protected":false},"excerpt":{"rendered":"<p>[vc_row el_id=&#8221;topTxt&#8221;][vc_column css=&#8221;.vc_custom_1578051990817{padding-top: 0px !important;}&#8221;][vc_row_inner content_placement=&#8221;middle&#8221; row_content_width=&#8221;grid&#8221; enable_dots_background=&#8221;yes&#8221; background_dots_align=&#8221;right&#8221; background_dots_skin=&#8221;light&#8221; css=&#8221;.vc_custom_1680815588038{margin-right: 0px !important;margin-left: 0px !important;}&#8221; background_dots_top_position=&#8221;10%&#8221; background_dots_height=&#8221;80%&#8221;][vc_column_inner css=&#8221;.vc_custom_1579598821857{padding-top: 120px !important;padding-right: 0px !important;padding-bottom: 120px !important;padding-left: 0px !important;}&#8221; offset=&#8221;vc_col-lg-6 vc_col-md-12 vc_col-xs-12&#8243; column_responsive_padding_1024=&#8221;130px 0px 120px&#8221; column_responsive_padding_680=&#8221;130px 0px 120px&#8221;][vc_single_image image=&#8221;5080&#8243; img_size=&#8221;300&#215;400&#8243; alignment=&#8221;center&#8221;][\/vc_column_inner][vc_column_inner css=&#8221;.vc_custom_1580218880702{margin-top: -11px !important;padding-right: 20% !important;padding-left: 12% !important;}&#8221; column_responsive_padding_1366=&#8221;0% 11% 0% 12%&#8221; offset=&#8221;vc_col-lg-6 vc_col-md-12 vc_col-xs-12&#8243; column_responsive_padding_1024=&#8221;0% 0px 130px&#8221; [&hellip;]<\/p>\n","protected":false},"author":1,"featured_media":0,"parent":0,"menu_order":0,"comment_status":"closed","ping_status":"closed","template":"page-full-width.php","meta":{"_eb_attr":"","footnotes":""},"class_list":["post-3603","page","type-page","status-publish","hentry"],"_links":{"self":[{"href":"https:\/\/soccer.legia.com\/siedlce-tech\/wp-json\/wp\/v2\/pages\/3603","targetHints":{"allow":["GET"]}}],"collection":[{"href":"https:\/\/soccer.legia.com\/siedlce-tech\/wp-json\/wp\/v2\/pages"}],"about":[{"href":"https:\/\/soccer.legia.com\/siedlce-tech\/wp-json\/wp\/v2\/types\/page"}],"author":[{"embeddable":true,"href":"https:\/\/soccer.legia.com\/siedlce-tech\/wp-json\/wp\/v2\/users\/1"}],"replies":[{"embeddable":true,"href":"https:\/\/soccer.legia.com\/siedlce-tech\/wp-json\/wp\/v2\/comments?post=3603"}],"version-history":[{"count":37,"href":"https:\/\/soccer.legia.com\/siedlce-tech\/wp-json\/wp\/v2\/pages\/3603\/revisions"}],"predecessor-version":[{"id":5561,"href":"https:\/\/soccer.legia.com\/siedlce-tech\/wp-json\/wp\/v2\/pages\/3603\/revisions\/5561"}],"wp:attachment":[{"href":"https:\/\/soccer.legia.com\/siedlce-tech\/wp-json\/wp\/v2\/media?parent=3603"}],"curies":[{"name":"wp","href":"https:\/\/api.w.org\/{rel}","templated":true}]}}